 be i(14). Suppose b*x - f = 3*f + 132, -4*f + 124 = 4*x. What is the remainder when 286 is divided by x?
30
Suppose -53*n = -14199 - 9168 - 5889. What is the remainder when n is divided by 185?
182
Let y(b) = 33*b - 271. Calculate the remainder when y(19) is divided by 347.
9
Suppose -77*h + 2196 = -68*h. What is the remainder when h is divided by 19?
16
What is the remainder when 2091 is divided by (((-78)/52)/(6/(-4)))/(2/298)?
5
Let a(s) = s**3 - 63*s**2 - 124*s - 154. What is the remainder when 714 is divided by a(65)?
6
Let a(z) = -16*z + 350. Calculate the remainder when 352 is divided by a(0).
2
Let c(g) = -g**2 - 36*g + 111. Let s be c(-39). Let b(z) = -5*z - 24. What is the remainder when 25 is divided by b(s)?
1
What is the remainder when 1463 is divided by 112/126 - (-300)/27?
11
Calculate the remainder when (-574)/(-205)*(-2670)/(-12) is divided by 94.
59
Suppose -33*k + 27*k + 41949 = 53*k. What is the remainder when k is divided by 233?
12
Suppose -5*q + 66 = -4. Let z(y) = 2*y**2 - 28*y + 1. Let u be z(q). What is the remainder when (-1)/(u - 2)*(35 - -4) is divided by 21?
18
Suppose 11*x - 7*x + 76 = 0. Let b(s) = -15*s - 20. Let r be b(24). What is the remainder when (1 + 1)/(x/r) is divided by 15?
10
Suppose -21 = -35*f + 49. Calculate the remainder when (390/(-45))/(f/(-18)) is divided by 17.
10
Let o = 3531 - 3405. Calculate the remainder when 1504 is divided by o.
118
Suppose 0 = 4*t - 20, -4*q + 88*t - 91*t + 4259 = 0. What is the remainder when q is divided by 118?
117
Let p = -49 - -57. Suppose -11*f + p*f + 12 = 0. Suppose 4*g - 25 = -5*i, 2*g - f*i = 4*g - 14. Calculate the remainder when 14 is divided by g.
4
Let h = -27261 - -27283. Calculate the remainder when 15003 is divided by h.
21
Suppose -2*x + 186 = 5*p, 21 + 123 = 4*p + 4*x. What is the remainder when 62 is divided by p?
24
Suppose 829 = 14*d + 255. Let i(s) = s**3 - 8*s**2 - 16*s + 19. What is the remainder when i(10) is divided by d?
18
Suppose -3*n = 665 + 1066. Let g = -564 - n. Calculate the remainder when 51 is divided by g.
12
Suppose -4*j = -5*s - 22 - 28, s - 2 = 0. Let q(m) = m**2 - 14*m + 7. Let w be q(j). Let x = -10 + w. Calculate the remainder when 34 is divided by x.
10
Let k be ((-4530)/42)/5 - 8/(-14). What is the remainder when 68 is divided by 140/k*(-9)/6?
8
Let c = 206 + -195. Calculate the remainder when 174 is divided by c.
9
Let u = 7479 + -7228. What is the remainder when u is divided by 28?
27
Let h(k) = -35*k**2 - 11*k + 64*k**2 - 27*k**2. Let m be h(6). Suppose -m*c = 59 - 155. Calculate the remainder when c is divided by 3.
1
Let i(p) = -p**3 - 4*p**2 + 34*p - 3. Let y be i(4). Calculate the remainder when 93 is divided by (y - -5)/2 - 168/(-4).
46
Let v(m) be the first derivative of m**4/4 + 3*m**3 + 4*m**2 + 6*m - 45. Calculate the remainder when 122 is divided by v(-5).
56
Let u = -28614 + 29460. Calculate the remainder when u is divided by 30.
6
Suppose -75*g - 165 = -78*g. Suppose g*o - 80 - 800 = 0. What is the remainder when 63 is divided by o?
15
Suppose -5*y - y - 600 = 0. What is the remainder when 9 is divided by (-3)/(((-2)/(-5))/(80/y))?
3
Let q(w) = 16*w. Let f be q(-7). Let d = f - -223. Calculate the remainder when d is divided by 14.
13
Calculate the remainder when (-17 - (4 + -416)) + -16 is divided by 2.
1
Calculate the remainder when ((51520/(-138))/28)/(2/(-48)) is divided by 163.
157
Let s(z) = -z**3 + z**2 + 242. Let y = -66 + 66. Let v be s(y). Suppose -v = -14*c + 3*c. Calculate the remainder when c is divided by 14.
8
What is the remainder when (-56321)/(-68) - 15/(-20) is divided by 139?
134
Suppose 4*n = -2491 + 3111. What is the remainder when n is divided by 12?
11
Let s(c) = 2*c**2 - 85*c + 164. Calculate the remainder when s(55) is divided by 8.
3
Let p(c) = -c**3 + 13*c**2 - 22*c + 7. Let a be p(11). What is the remainder when 31 is divided by (a - 2) + -4 + 8?
4
Suppose 2*a - 41 - 43 = 3*d, 47 = a + d. What is the remainder when 204 is divided by a?
24
Let a = -5689 - -5871. Calculate the remainder when a is divided by 0 + 22 - 1*3.
11
Suppose -10*u - 1007 - 3628 = -13*u. What is the remainder when u is divided by 172?
169
Let p(j) = -6*j + 100. Let l be p(16). Suppose l*a - 730 = -2*i, 0*a - 4*a + 5*i = -695. Calculate the remainder when a is divided by 43.
8
Let a be 32/(-112) + (-270)/(-14). Suppose y = c - 21, 3*c = -5*y + a + 44. Let x = 144 + -61. What is the remainder when x is divided by c?
20
What is the remainder when 693 is divided by 4/(-26) + (818370/351)/10?
227
Suppose 3*v - j = 84, 3*v + 96*j = 93*j + 84. Suppose -2*f = 2*b - 3*b - 158, 0 = 2*f + b - 166. Calculate the remainder when f is divided by v.
25
Calculate the remainder when 381 is divided by (80/30)/((-3)/(-27)).
21
Let z = -1494 + 1519. Let b(u) = -6*u - 2. What is the remainder when z is divided by b(-4)?
3
Suppose 0 = -15*h + 28 + 2. Suppose -4*m + 93 = -5*p - 11, 5*m - 97 = -h*p. What is the remainder when 355 is divided by m?
19
Let y be (22/(-2) + 1)/((-1)/(-6)). Let w be (-4 + 0)/2*y/(-8). Let j(v) = -v**2 - 20*v - 12. What is the remainder when j(w) is divided by 16?
15
Suppose -3*t = -0*t + 5*g + 58, -2*t = -2*g + 44. Let y = t + 24. Suppose 0 = 5*w - 2*v - 54 - 65, y*w = v + 71. What is the remainder when w is divided by 6?
5
Suppose 264*g - 11134 = -2950. Calculate the remainder when g is divided by -2 - -3 - (-18 - 1).
11
Suppose 0 = m - 2*w - 58 - 79, 649 = 5*m + 2*w. Calculate the remainder when 243 is divided by m.
112
Let b(g) = -g**3 - 4*g**2 - 5*g - 16. Let f be b(-4). Calculate the remainder when 98 is divided by (-6)/(36/(-42))*f.
14
Suppose u - 6 - 15 = 0. Let m(p) = p**3 - 43*p**2 + 130*p - 366. What is the remainder when m(40) is divided by (u - (2 + -1)) + -1?
15
Suppose 392 = 12*a + 44. Suppose 5*m - 50 = 3*x, 19*x = 2*m + 16*x - a. Suppose -6 = 2*i - 5*i. Calculate the remainder when m is divided by i.
1
Suppose -582 = 2*p - 6*p - 5*k, 3*p = k + 427. Suppose 0 = -3*g + 3*a + 78, -5*g - 4*a - 40 = -p. What is the remainder when 100 is divided by g?
8
Suppose 5*x + 50 = 60. Suppose -x*p + 11 = -5. Calculate the remainder when 23 is divided by p.
7
Let g = -15 - -26. Let q = 19 - g. Suppose -3*o - 4*o = -140. What is the remainder when o is divided by q?
4
Let q be (42/35)/(3/(-2205)). Let k = -400 - q. What is the remainder when k is divided by 21?
20
What is the remainder when 2130 is divided by -65*(25/((-150)/12) - -1)?
50
Suppose 47 = x + 5*p, 5*p = -122*x + 125*x - 221. What is the remainder when 266 is divided by x?
65
Suppose -6*q + 12 = -2*q. Suppose -2*r + 65 = q*r. Let m = -138 + 187. What is the remainder when m is divided by r?
10
Let m(c) = -2*c**2 - 311*c - 2267. Calculate the remainder when m(-136) is divided by 17.
11
Let c = 36 - 15. Let b = -108 + 200. Suppose 7*k + b - 379 = 0. Calculate the remainder when k is divided by c.
20
Let r = 22411 - 22171. Calculate the remainder when 1697 is divided by r.
17
Let n(r) = 2*r**2 + 2*r + 2. Let d be n(-5). Suppose -9*c = -16*c + d. Suppose 4*k - c*k = -12. Calculate the remainder when 16 is divided by k.
4
Let l(i) = i**3 + 10*i**2 + 5*i + 33. Let g be l(-10). Calculate the remainder when 17 is divided by (-172)/g + (-24)/204.
7
Suppose 3*x + 8*z = 3*z + 61, -4*x + z = -43. Suppose -32 + x = -g. What is the remainder when ((-518)/(-8))/(483/552) is divided by g?
14
Suppose -2*u = -4, -d = -18*u + 21*u - 42. Calculate the remainder when 311 is divided by d.
23
What is the remainder when -18*(-3)/((-36)/(-20)) is divided by (-14)/(-2) + 9*(-221)/(-117)?
6
Suppose 35*m = 22*m + 65. Suppose m*n + 1698 = 5*w + 528, -742 = -3*w - 5*n. Calculate the remainder when w is divided by 27.
23
Let k = -23397 - -23679. What is the remainder when 787 is divided by k?
223
Let n be (-260)/(-160) - 3/(-8). Suppose -22*i + 91 = -85. What is the remainder when ((-6)/12)/(n/(-316)) is divided by i?
7
Let l = 3943 - 2103. Calculate the remainder when l is divided by 97.
94
Suppose 117 = -11*o + 843. What is the remainder when 158 is divided by o?
26
Suppose -89*k - 87*k = 157*k - 5661. Calculate the remainder when 8834 is divided by k.
11
Let x be (-4)/22 - 35/(-11). Suppose x*m + 246 = 294. What is the remainder when 27 is divided by m?
11
Let j = -180